{"id":107,"date":"2020-09-28T09:03:26","date_gmt":"2020-09-28T09:03:26","guid":{"rendered":"https:\/\/mundoanimal.catedu.es\/?page_id=107"},"modified":"2020-09-28T13:31:02","modified_gmt":"2020-09-28T13:31:02","slug":"en-que-consiste-el-programa","status":"publish","type":"page","link":"https:\/\/mundoanimal.catedu.es\/?page_id=107","title":{"rendered":"\u00bfEn qu\u00e9 consiste el programa?"},"content":{"rendered":"\n<figure class=\"wp-block-image size-large\"><img loading=\"lazy\" decoding=\"async\" width=\"1024\" height=\"294\" src=\"https:\/\/mundoanimal.catedu.es\/wp-content\/uploads\/sites\/302\/2020\/09\/IMG_20190114_130434-scaled-e1601299852539-1024x294.jpg\" alt=\"\" class=\"wp-image-111\" srcset=\"https:\/\/mundoanimal.catedu.es\/wp-content\/uploads\/sites\/302\/2020\/09\/IMG_20190114_130434-scaled-e1601299852539-1024x294.jpg 1024w, https:\/\/mundoanimal.catedu.es\/wp-content\/uploads\/sites\/302\/2020\/09\/IMG_20190114_130434-scaled-e1601299852539-300x86.jpg 300w, https:\/\/mundoanimal.catedu.es\/wp-content\/uploads\/sites\/302\/2020\/09\/IMG_20190114_130434-scaled-e1601299852539-768x221.jpg 768w, https:\/\/mundoanimal.catedu.es\/wp-content\/uploads\/sites\/302\/2020\/09\/IMG_20190114_130434-scaled-e1601299852539-1536x442.jpg 1536w, https:\/\/mundoanimal.catedu.es\/wp-content\/uploads\/sites\/302\/2020\/09\/IMG_20190114_130434-scaled-e1601299852539-2048x589.jpg 2048w\" sizes=\"auto, (max-width: 1024px) 100vw, 1024px\" \/><\/figure>\n\n\n\n<p><strong>Mundo Animal<\/strong> es un programa educativo que pretende fomentar el respeto hacia los animales con la finalidad de impulsar el desarrollo de la empat\u00eda y la sensibilidad hacia ellos desde el \u00e1mbito educativo. Est\u00e1 dirigido al alumnado que curse de 3\u00ba a 6\u00ba de Educaci\u00f3n Primaria, Educaci\u00f3n Especial, Educaci\u00f3n Secundaria Obligatoria y Bachillerato de centros docentes p\u00fablicos y privados concertados no universitarios de Arag\u00f3n.<\/p>\n\n\n\n<p>Los contenidos del programa se estructura en funci\u00f3n de los niveles educativo:&nbsp;<\/p>\n\n\n\n<p><strong><span class=\"has-inline-color has-vivid-green-cyan-color\">3\u00ba y 4\u00ba de Primaria: <em>Fauna urbana<\/em><\/span><\/strong>, donde se trata de acercar al alumnado a los animales que nos rodean en nuestro entorno m\u00e1s pr\u00f3ximo, generando curiosidad y empat\u00eda de forma l\u00fadica.&nbsp;<\/p>\n\n\n\n<p><strong><span class=\"has-inline-color has-vivid-green-cyan-color\">5\u00ba y 6\u00ba de Primaria: <em>Respeto animal<\/em><\/span><\/strong>, a trav\u00e9s del conocimiento de c\u00f3mo son los animales, c\u00f3mo se relacionan, as\u00ed como situaciones complicadas a las que se enfrentan, con el fin de que el alumnado desarrolle de forma l\u00fadica actitudes respetuosas hacia los animales.<\/p>\n\n\n\n<p><strong><span class=\"has-inline-color has-vivid-green-cyan-color\">Educaci\u00f3n Especial: <em>Las vidas de los animales<\/em><\/span><\/strong> plantea a trav\u00e9s de recursos visuales curiosidades sobre c\u00f3mo son las vidas de los animales y c\u00f3mo se relacionan, tratando de desarrollar la empat\u00eda y el cuidado responsable.&nbsp;<\/p>\n\n\n\n<p><span class=\"has-inline-color has-vivid-green-cyan-color\"><strong>1\u00ba a 3\u00ba ESO: <em>Las vidas de los animales<\/em><\/strong><\/span> se centra en c\u00f3mo experimentan y manifiestan los animales sus emociones y comportamientos, fomentando la empat\u00eda y proporcionando herramientas que generen una convivencia respetuosa con los animales.&nbsp;<\/p>\n\n\n\n<p><strong><span class=\"has-inline-color has-vivid-green-cyan-color\">4\u00ba ESO y Bachillerato: <em>Introducci\u00f3n a la \u00e9tica animal <\/em><\/span><\/strong>plantea cuestiones vinculadas con la \u00e9tica y la consideraci\u00f3n moral de los animales en la sociedad actual, profundizando en aspectos filos\u00f3ficos vinculados con la sintiencia de los animales y su forma de manifestar y experimentar sus intereses.&nbsp;<\/p>\n","protected":false},"excerpt":{"rendered":"<p>Mundo Animal es un programa educativo que pretende fomentar el respeto hacia los animales con la finalidad de impulsar el desarrollo de la empat\u00eda y la sensibilidad hacia ellos desde el \u00e1mbito educativo. Est\u00e1 dirigido al alumnado que curse de<\/p>\n","protected":false},"author":1,"featured_media":0,"parent":0,"menu_order":0,"comment_status":"closed","ping_status":"closed","template":"","meta":{"_monsterinsights_skip_tracking":false,"_monsterinsights_sitenote_active":false,"_monsterinsights_sitenote_note":"","_monsterinsights_sitenote_category":0,"footnotes":""},"class_list":["post-107","page","type-page","status-publish","hentry"],"_links":{"self":[{"href":"https:\/\/mundoanimal.catedu.es\/index.php?rest_route=\/wp\/v2\/pages\/107","targetHints":{"allow":["GET"]}}],"collection":[{"href":"https:\/\/mundoanimal.catedu.es\/index.php?rest_route=\/wp\/v2\/pages"}],"about":[{"href":"https:\/\/mundoanimal.catedu.es\/index.php?rest_route=\/wp\/v2\/types\/page"}],"author":[{"embeddable":true,"href":"https:\/\/mundoanimal.catedu.es\/index.php?rest_route=\/wp\/v2\/users\/1"}],"replies":[{"embeddable":true,"href":"https:\/\/mundoanimal.catedu.es\/index.php?rest_route=%2Fwp%2Fv2%2Fcomments&post=107"}],"version-history":[{"count":3,"href":"https:\/\/mundoanimal.catedu.es\/index.php?rest_route=\/wp\/v2\/pages\/107\/revisions"}],"predecessor-version":[{"id":130,"href":"https:\/\/mundoanimal.catedu.es\/index.php?rest_route=\/wp\/v2\/pages\/107\/revisions\/130"}],"wp:attachment":[{"href":"https:\/\/mundoanimal.catedu.es\/index.php?rest_route=%2Fwp%2Fv2%2Fmedia&parent=107"}],"curies":[{"name":"wp","href":"https:\/\/api.w.org\/{rel}","templated":true}]}}